What are the prime factors of 233176?
2, 29147
List the prime factors of 6278841.
3, 79, 8831
What are the prime factors of 11011211?
11011211
List the prime factors of 17846688.
2, 3, 185903
What are the prime factors of 35614?
2, 17807
List the prime factors of 81549.
3, 13, 17, 41
What are the prime factors of 2192566?
2, 79, 13877
List the prime factors of 286745.
5, 57349
List the prime factors of 12267752.
2, 7, 47, 59, 79
List the prime factors of 1649915.
5, 79, 4177
What are the prime factors of 862478?
2, 17, 25367
What are the prime factors of 14949102?
2, 3, 7, 47, 7573
List the prime factors of 11065.
5, 2213
List the prime factors of 2184398.
2, 17, 41, 1567
What are the prime factors of 9345829?
2671, 3499
List the prime factors of 2594867.
11, 419, 563
What are the prime factors of 2309106?
2, 3, 384851
What are the prime factors of 93186?
2, 3, 31, 167
What are the prime factors of 1184877?
3, 173, 761
List the prime factors of 5777091.
3, 653, 983
List the prime factors of 184373.
7, 26339
List the prime factors of 12512.
2, 17, 23
What are the prime factors of 841294?
2, 23, 18289
List the prime factors of 121330.
2, 5, 11, 1103
What are the prime factors of 199838?
2, 163, 613
What are the prime factors of 2902961?
167, 17383
What are the prime factors of 2182766?
2, 17, 43, 1493
What are the prime factors of 5779906?
2, 11, 262723
List the prime factors of 4261.
4261
What are the prime factors of 3048660?
2, 3, 5, 16937
List the prime factors of 31438.
2, 11, 1429
List the prime factors of 225747.
3, 929
List the prime factors of 437863.
173, 2531
List the prime factors of 57469.
101, 569
What are the prime factors of 689127?
3, 29, 89
List the prime factors of 33710.
2, 5, 3371
What are the prime factors of 3888259?
613, 6343
What are the prime factors of 136335?
3, 5, 61, 149
List the prime factors of 547562.
2, 43, 6367
List the prime factors of 952130.
2, 5, 95213
List the prime factors of 1108989.
3, 7, 29, 607
List the prime factors of 436282.
2, 7, 11, 2833
What are the prime factors of 1155096?
2, 3, 61, 263
What are the prime factors of 1480365?
3, 5, 67, 491
List the prime factors of 2152478.
2, 23, 73, 641
What are the prime factors of 33634?
2, 67, 251
What are the prime factors of 1438678?
2, 431, 1669
List the prime factors of 158690.
2, 5, 7, 2267
List the prime factors of 85563.
3, 3169
List the prime factors of 647177.
227, 2851
What are the prime factors of 880838?
2, 7, 17, 3701
List the prime factors of 4013457.
3, 7, 383, 499
List the prime factors of 130900.
2, 5, 7, 11, 17
List the prime factors of 3697285.
5, 347, 2131
List the prime factors of 1379451.
3, 459817
What are the prime factors of 7230296?
2, 83, 10889
What are the prime factors of 4561958?
2, 23, 99173
List the prime factors of 330719.
330719
What are the prime factors of 749504?
2, 7, 239
List the prime factors of 5616612.
2, 3, 89, 1753
List the prime factors of 34591379.
17, 23, 88469
What are the prime factors of 22611950?
2, 5, 452239
List the prime factors of 901079.
901079
List the prime factors of 1663177.
733, 2269
What are the prime factors of 100445?
5, 20089
List the prime factors of 2010044.
2, 113, 4447
What are the prime factors of 1057017?
3, 13, 27103
List the prime factors of 10286152.
2, 23, 55903
What are the prime factors of 697469?
31, 149, 151
What are the prime factors of 459504?
2, 3, 3191
What are the prime factors of 2000638?
2, 71, 73, 193
List the prime factors of 224442.
2, 3, 37, 337
List the prime factors of 10718.
2, 23, 233
List the prime factors of 1393570.
2, 5, 23, 73, 83
What are the prime factors of 685085?
5, 181, 757
List the prime factors of 78591.
3, 17, 23, 67
List the prime factors of 186735.
3, 5, 59, 211
List the prime factors of 90618.
2, 3, 11, 1373
What are the prime factors of 205342?
2, 83, 1237
List the prime factors of 28349106.
2, 3, 4724851
What are the prime factors of 760057?
19, 109, 367
List the prime factors of 384162.
2, 3, 43, 1489
What are the prime factors of 61864?
2, 11, 19, 37
What are the prime factors of 1552693?
1552693
List the prime factors of 458888.
2, 19, 3019
What are the prime factors of 865315?
5, 11, 15733
What are the prime factors of 243788?
2, 59, 1033
What are the prime factors of 485176?
2, 60647
What are the prime factors of 11788004?
2, 17, 229, 757
What are the prime factors of 330307?
137, 2411
List the prime factors of 7996719.
3, 739, 3607
What are the prime factors of 7804118?
2, 7, 389, 1433
List the prime factors of 679070.
2, 5, 7, 89, 109
List the prime factors of 1430288.
2, 89393
What are the prime factors of 1837245?
3, 5, 53, 2311
List the prime factors of 718303.
718303
List the prime factors of 7178719.
7178719
List the prime factors of 41130.
2, 3, 5, 457
List the prime factors of 443984.
2, 27749
What are the prime factors of 5914?
2, 2957
What are the prime factors of 7911345?
3, 5, 13, 29, 1399
List the prime factors of 357076.
2, 89269
What are the prime factors of 224965?
5, 13, 3461
List the prime factors of 11496754.
2, 5748377
What are the prime factors of 116445?
3, 5, 7, 1109
What are the prime factors of 41254?
2, 20627
What are the prime factors of 1033732?
2, 7, 36919
List the prime factors of 2156369.
2156369
What are the prime factors of 630868?
2, 7, 22531
List the prime factors of 23197871.
271, 85601
What are the prime factors of 732476?
2, 183119
List the prime factors of 19280644.
2, 4820161
What are the prime factors of 16850286?
2, 3, 936127
What are the prime factors of 25551019?
13, 1965463
List the prime factors of 85945.
5, 17189
List the prime factors of 747384.
2, 3, 11, 19, 149
List the prime factors of 1549325.
5, 29, 2137
What are the prime factors of 59872?
2, 1871
What are the prime factors of 300685?
5, 7, 11, 71
List the prime factors of 917916.
2, 3, 76493
What are the prime factors of 1460784?
2, 3, 13, 2341
What are the prime factors of 5443525?
5, 23, 9467
What are the prime factors of 870402?
2, 3, 13, 11159
What are the prime factors of 51436?
2, 7, 11, 167
List the prime factors of 198790.
2, 5, 103, 193
What are the prime factors of 282324?
2, 3, 7, 3361
What are the prime factors of 1023092?
2, 7, 61, 599
What are the prime factors of 28573611?
3, 11, 865867
What are the prime factors of 198633?
3, 73, 907
List the prime factors of 212932.
2, 53233
What are the prime factors of 6455150?
2, 5, 13, 9931
What are the prime factors of 7764486?
2, 3, 1294081
What are the prime factors of 80021?
80021
List the prime factors of 3843553.
7, 23, 23873
What are the prime factors of 77808?
2, 3, 1621
List the prime factors of 1798065.
3, 5, 19, 701
What are the prime factors of 7959966?
2, 3, 7, 189523
What are the prime factors of 51055?
5, 10211
What are the prime factors of 728984?
2, 293, 311
What are the prime factors of 23089336?
2, 29, 99523
What are the prime factors of 9678420?
2, 3, 5, 17923
List the prime factors of 414512.
2, 7, 3701
What are the prime factors of 396708?
2, 3, 13, 2543
List the prime factors of 855559.
17, 59, 853
List the prime factors of 568297.
359, 1583
What are the prime factors of 323537?
323537
What are the prime factors of 3542659?
773, 4583
What are the prime factors of 21831?
3, 19, 383
List the prime factors of 1614439.
17, 23, 4129
What are the prime factors of 40361?
40361
What are the prime factors of 4143029?
11, 376639
List the prime factors of 1256518.
2, 67, 9377
What are the prime factors of 26489408?
2, 11, 191, 197
What are the prime factors of 10499115?
3, 5, 11, 17, 19, 197
List the prime factors of 919757.
919757
List the prime factors of 328572.
2, 3, 9127
What are the prime factors of 4745239?
853, 5563
List the prime factors of 8018153.
11, 13, 47, 1193
What are the prime factors of 2125612?
2, 17, 31259
List the prime factors of 1226086.
2, 163, 3761
What are the prime factors of 228788?
2, 7, 8171
What are the prime factors of 524558?
2, 353, 743
List the prime factors of 6393623.
6393623
List the prime factors of 5163521.
11, 469411
List the prime factors of 1109652.
2, 3, 89, 1039
What are the prime factors of 2515384?
2, 314423
What are the prime factors of 347410?
2, 5, 7, 709
What are the prime factors of 416950?
2, 5, 31, 269
List the 